v - o*v - 60, l*m - 48 = -v. List the prime factors of m.
2, 3
Let f = 691 - 426. What are the prime factors of f?
5, 53
Suppose -4*y = -3*n + 1172, -4*y + 1 + 3 = 0. What are the prime factors of n?
2, 7
Let b = 17 + -11. Let z(i) = -i**3 + 6*i**2 + 2*i - 3. Let d be z(b). Let t = 0 + d. List the prime factors of t.
3
Suppose 0 = -u - 2*u - 6. What are the prime factors of ((-45)/(-3))/((-3)/u)?
2, 5
Let x = 86 + -124. Let f be x/(-10) - 2/(-10). Suppose h + 3*n = 12, -2*h - 2*n = -f*n - 24. List the prime factors of h.
2, 3
Let k(g) = -g**3 + 14*g**2 - 10*g - 4. What are the prime factors of k(13)?
5, 7
Suppose 4 = -o, -3*b + 161 = -0*b - 2*o. What are the prime factors of b?
3, 17
Let u = -31 - -9. Let v be u/(-4)*(-4 + 2). Let r = v + 20. List the prime factors of r.
3
Let s(j) = 35*j - 3. What are the prime factors of s(1)?
2
Let w = -29 + 16. Let k = 22 + w. Suppose 2*r - 1 = k. List the prime factors of r.
5
Suppose -8*f + 5*f + 420 = 0. What are the prime factors of f?
2, 5, 7
Let f(u) = -u - 10. List the prime factors of f(-15).
5
Let j be (-364)/(-10) + 10/(-25). Suppose 5*p = 2*c - 42, 2*c = -3*p + j + 22. What are the prime factors of c?
2, 13
Let l(b) = -5*b + 6*b - 5*b - 4*b - b**2 - 10. What are the prime factors of l(-5)?
5
Suppose 0 = -4*d - 90 - 62. Let c = d - -94. List the prime factors of c.
2, 7
Let u = -94 - -135. Let n = -25 + u. List the prime factors of n.
2
Suppose l + 0 + 2 = 0. Let f(s) = -4*s - 1. List the prime factors of f(l).
7
Suppose -b - 104 = -2*b. Suppose -4*j + b = -16. List the prime factors of j.
2, 3, 5
Let n be (3 - 0)*7/3. Suppose -3*z + 1 = -2*l - n, -2*l = z. Suppose -z*h + j + 5 = 0, -5*j - 3 = -3*h - 6. List the prime factors of h.
2
Let j(b) be the first derivative of b**3/3 + 14*b + 1. What are the prime factors of j(0)?
2, 7
Let m = -24 - -42. Let p = m + -5. What are the prime factors of p?
13
Let a = 26 - 24. Let m be 1 + 1 - (-1 + 0). Suppose 0 = m*w + a*u - 55, -5*w - 4*u + 91 = -0*u. List the prime factors of w.
19
Suppose -5*n + 5*r + 2249 = 119, -426 = -n - 5*r. What are the prime factors of n?
2, 3, 71
Suppose -5 - 11 = -4*y. Suppose y*h + h = 0. Suppose 2*z + 3*r - 9 = -1, h = -4*z - r + 36. List the prime factors of z.
2, 5
Let p(b) = -37*b - 17. List the prime factors of p(-5).
2, 3, 7
List the prime factors of 0 + 2 + -3 + 243.
2, 11
Suppose -o + 23 + 71 = 0. What are the prime factors of o?
2, 47
Let p = -11 - -8. Let u be 3/(p + (-1 - -3)). Let q = u - -5. What are the prime factors of q?
2
What are the prime factors of 76/(-10)*15/(-3)?
2, 19
Let k = -1 - -1. Let i(p) = -p**2 - 7*p - 1. Let l be i(-6). What are the prime factors of l + (k - 0)/3?
5
Suppose -4*w + 2*m + 14 = 0, 3*w + 3*m = -w + 19. Suppose 0*p - w*p + 20 = 0. List the prime factors of p.
5
Let v = -2 - -5. Suppose v*w - 36 = -w. What are the prime factors of w?
3
Let w(u) = -u**3 - 9*u**2 - 11*u - 3. Let r be (-75)/9 + (-1)/(-3). What are the prime factors of w(r)?
3, 7
Let v(u) = 66*u**2 - u. List the prime factors of v(-1).
67
Let u(n) = 2*n. Let s be u(6). Let a = s - 8. Suppose 2*c = -a + 10. What are the prime factors of c?
3
Let y = 335 - 103. List the prime factors of y.
2, 29
Let c = 10 + -6. Let z(b) = -b**3 + 4*b**2 + 3*b - 5. List the prime factors of z(c).
7
Suppose -5*s = -2*c - 400, 0 = -s - 4*s - 4*c + 430. Suppose 2*f - 50 = -4*k, 7 = -5*k - 5*f + s. List the prime factors of k.
2, 5
List the prime factors of (76/(-10) - -4)/((-1)/20).
2, 3
Suppose -3*z = -3*c - z + 6, 2*c - 4 = -3*z. List the prime factors of 195/10*(c + 0).
3, 13
Suppose -5*q + 211 = j, 4*q - 622 = -3*j - 0*q. List the prime factors of j.
2, 103
Let f(z) = 16*z - 11. Let w be f(8). What are the prime factors of 3609/w - 4/(-26)?
31
Suppose -24 = -x - 3*x. What are the prime factors of ((-4)/x)/((-6)/207)?
23
Suppose 0 = -3*b, -2*i + 56 = 2*b - 0*b. Suppose -2*l - 3*r = -5*r + 2, 0 = -4*l - 4*r + i. List the prime factors of l.
3
Let p be 2/(-1)*21/14. Let v(g) = -26*g - 14. Let o(r) = -9*r - 5. Let m(w) = -8*o(w) + 3*v(w). What are the prime factors of m(p)?
2
Suppose 0 = -5*j + 4*j + 135. List the prime factors of j.
3, 5
Let j be (-4)/6 - (-15)/9. Let i(w) = -2*w - j + 1 - 5. What are the prime factors of i(-5)?
5
Suppose -5*r = -3*b + 2*b + 18, -b + 9 = -2*r. Let c be -3*3/(-9)*r. What are the prime factors of (-36)/(-8)*(-4)/c?
2, 3
Suppose -1 = 2*b - 3. Let l be (b/3)/(1/(-3)). What are the prime factors of (-1)/(l + 2) + 9?
2
Suppose -b - 39 = -2*p, 0*b = -5*b - 5. What are the prime factors of p?
19
Let z(y) = y - 4. Let b be ((-6)/(-5))/((-2)/(-10)). Let s be z(b). Let x = s - -3. What are the prime factors of x?
5
Let z be 2/8 + (-23)/(-4). Let i(x) = z*x + 3*x**2 + 6 - 4*x - 3. List the prime factors of i(-2).
11
What are the prime factors of 22*(-3)/6*-5?
5, 11
Let b(a) be the second derivative of a**4/12 + a**3/2 - 4*a**2 + 2*a. What are the prime factors of b(-7)?
2, 5
Let c = -9 - -35. What are the prime factors of c?
2, 13
What are the prime factors of (-10)/(-2)*(1 + 7)?
2, 5
Suppose 4*t = -p + 121, 3*t - t + 2*p = 68. List the prime factors of t.
29
List the prime factors of (-14 + 5)/(4/(-20)).
3, 5
Suppose -2*o - 3*o + 20 = 0. What are the prime factors of 20*(-1 - (-6)/o)?
2, 5
Let m(b) = 6 + 4*b + 3*b + b**2 + 1 - 3. List the prime factors of m(-7).
2
Suppose 5*u - 3*z - 2*z - 385 = 0, 5*u - 2*z - 379 = 0. Suppose -4*p - p + u = 0. List the prime factors of p.
3, 5
Let p = 12 - -19. List the prime factors of p.
31
Suppose 74 = 2*k + 14. Let p = 9 + k. List the prime factors of p.
3, 13
Suppose 2*w = -3*w + 20. Suppose n = 4*i + 2*n - 15, -3*i + 21 = w*n. Suppose i*y = -3*l, 15 = -0*l - l - 4*y. List the prime factors of l.
5
Let j be (-88)/(-5) - 4/(-10). Suppose -2*f + j = -10. What are the prime factors of f?
2, 7
Let b(i) be the third derivative of -i**5/60 + 7*i**4/24 + i**3/3 - 2*i**2. Let h be b(7). List the prime factors of ((-22)/3)/(h/(-3)).
11
Let n be -24*(-1)/(-3)*-4. Suppose l = 5*l - 5*g - 64, 2*g = -2*l + n. What are the prime factors of l?
2
List the prime factors of -3*4/36*-21.
7
Let a(x) be the first derivative of -x**3/3 - 4*x**2 - 2*x - 2. List the prime factors of a(-6).
2, 5
Let d(g) be the third derivative of 0 + 4*g**2 + 1/6*g**4 + 1/120*g**6 + 0*g + 1/10*g**5 - 1/6*g**3. List the prime factors of d(-5).
2
Suppose 0 = 4*j + f - 338, -3*j + 307 = 2*f + 51. List the prime factors of j.
2, 3, 7
Suppose -4*m = 3*d + 23, 0*m = 5*m - 5. What are the prime factors of (-372)/(-27) + (-2)/d?
2, 7
Let i be (-23)/(-5) - 4/(-10). Let k = i + 5. Suppose -5*f + k + 25 = 0. List the prime factors of f.
7
What are the prime factors of (-10*(-1)/(-6))/(1/(-180))?
2, 3, 5
Let m = 21 + -10. List the prime factors of m.
11
Suppose -4*h + 1 = p - 0, 0 = -4*h - 4*p - 8. Suppose -h = -2*b + 29. What are the prime factors of b?
3, 5
Let o = 6 - 14. Let w = o - -13. List the prime factors of (-2)/w + (-268)/(-20).
13
Let m(i) = 10*i**2 + 2 - i**2 + 9*i - i**2 + i**3. Let p be m(-7). Let d = -4 - p. List the prime factors of d.
2
Let y = 3 - 0. Suppose 21 = 3*w + y*z, 4*w - 48 = -z + 2*z. List the prime factors of w.
11
Suppose -15 = -x - 4*c, -x - x - 2*c = -48. Suppose -4*g = -g - x. List the prime factors of g.
3
Suppose r + 257 = 2*r + j, -4*j - 538 = -2*r. What are the prime factors of r?
3, 29
Suppose 8 - 2 = 3*u. Suppose 0 = 4*z - u*z - 12. What are the prime factors of z?
2, 3
Let x = 0 + 11. List the prime factors of x.
11
Suppose 0*f + 2*f + 16 = 0. Let d = f + 13. Suppose -d*h - n + 6*n = -25, 0 = 2*h + 3*n - 15. What are the prime factors of h?
2, 3
Suppose 3*k + 2*k = 125. List the prime factors of k.
5
Let a = 24 - 18. List the prime factors of a.
2, 3
Let d = 5 - 29. Let p = -7 - d. List the prime factors of p.
17
Suppose -13 = z - 19. What are the prime factors of z?
2, 3
Let n be (-12)/(-42) - (-2)/(-7). Suppose -2*s + 0*s + 32 = n. Suppose -5*r = 2*t - 72, -r - 4*t + 2*t + s = 0. What are the prime factors of r?
2, 7
Let l(h) be the third derivative of -13*h**4/24 + h**3/2 - h**2. Let x(b) = 9*b - 2. Let g(v) = -5*l(v) - 7*x(v). List the prime factors of g(2).
3
Let g = 7 - -188. List the prime factors of g.
3, 5, 13
Let b(m) = -m**2 + 7*m - 4. Let y be b(6). Let o = y + -12. Let u = o 